{"version":"1.0","provider_name":"","provider_url":"https:\/\/loeilduloup.fr\/en","author_name":"L'oeil du Loup","author_url":"https:\/\/loeilduloup.fr\/en\/author\/laureline\/","title":"Lutter contres les st\u00e9r\u00e9otypes de genre pour pr\u00e9venir les violences dans les m\u00e9tiers de la petite enfance -","type":"rich","width":600,"height":338,"html":"<blockquote class=\"wp-embedded-content\" data-secret=\"NQjMYfZrWZ\"><a href=\"https:\/\/loeilduloup.fr\/en\/formations\/formation-petite-enfance-egalite\/\">Lutter contres les st\u00e9r\u00e9otypes de genre pour pr\u00e9venir les violences dans les m\u00e9tiers de la petite enfance<\/a><\/blockquote><iframe sandbox=\"allow-scripts\" security=\"restricted\" src=\"https:\/\/loeilduloup.fr\/en\/formations\/formation-petite-enfance-egalite\/embed\/#?secret=NQjMYfZrWZ\" width=\"600\" height=\"338\" title=\"&#8220;Lutter contres les st\u00e9r\u00e9otypes de genre pour pr\u00e9venir les violences dans les m\u00e9tiers de la petite enfance&#8221; &#8212; \" data-secret=\"NQjMYfZrWZ\" frameborder=\"0\" marginwidth=\"0\" marginheight=\"0\" scrolling=\"no\" class=\"wp-embedded-content\"><\/iframe><script type=\"text\/javascript\">\n\/* <![CDATA[ *\/\n\/*! This file is auto-generated *\/\n!function(d,l){\"use strict\";l.querySelector&&d.addEventListener&&\"undefined\"!=typeof URL&&(d.wp=d.wp||{},d.wp.receiveEmbedMessage||(d.wp.receiveEmbedMessage=function(e){var t=e.data;if((t||t.secret||t.message||t.value)&&!\/[^a-zA-Z0-9]\/.test(t.secret)){for(var s,r,n,a=l.querySelectorAll('iframe[data-secret=\"'+t.secret+'\"]'),o=l.querySelectorAll('blockquote[data-secret=\"'+t.secret+'\"]'),c=new RegExp(\"^https?:$\",\"i\"),i=0;i<o.length;i++)o[i].style.display=\"none\";for(i=0;i<a.length;i++)s=a[i],e.source===s.contentWindow&&(s.removeAttribute(\"style\"),\"height\"===t.message?(1e3<(r=parseInt(t.value,10))?r=1e3:~~r<200&&(r=200),s.height=r):\"link\"===t.message&&(r=new URL(s.getAttribute(\"src\")),n=new URL(t.value),c.test(n.protocol))&&n.host===r.host&&l.activeElement===s&&(d.top.location.href=t.value))}},d.addEventListener(\"message\",d.wp.receiveEmbedMessage,!1),l.addEventListener(\"DOMContentLoaded\",function(){for(var e,t,s=l.querySelectorAll(\"iframe.wp-embedded-content\"),r=0;r<s.length;r++)(t=(e=s[r]).getAttribute(\"data-secret\"))||(t=Math.random().toString(36).substring(2,12),e.src+=\"#?secret=\"+t,e.setAttribute(\"data-secret\",t)),e.contentWindow.postMessage({message:\"ready\",secret:t},\"*\")},!1)))}(window,document);\n\/\/# sourceURL=https:\/\/loeilduloup.fr\/wp-includes\/js\/wp-embed.min.js\n\/* ]]> *\/\n<\/script>","thumbnail_url":"https:\/\/loeilduloup.fr\/wp-content\/uploads\/2022\/09\/pexels-photo-8612921.jpeg","thumbnail_width":1600,"thumbnail_height":1067,"description":"L\u2019\u00e9galit\u00e9 filles-gar\u00e7ons dans les modes d&rsquo;accueil de la petite enfance De nombreuses recherches ont d\u00e9montr\u00e9 que filles et gar\u00e7ons re\u00e7oivent \u00e0 travers des attitudes, paroles et interactions, des messages implicites diff\u00e9rents qui influencent leurs comportements et leurs choix d\u00e8s le plus jeunes \u00e2ge. Le rapport de l\u2019IGAS* sur \u00abl\u2019\u00e9galit\u00e9 entre les filles et les gar\u00e7ons&hellip; Continue reading"}

Lutter contres les stéréotypes de genre pour prévenir les violences dans les métiers de la petite enfance -

<blockquote class="wp-embedded-content" data-secret="NQjMYfZrWZ"><a href="https://loeilduloup.fr/en/formations/formation-petite-enfance-egalite/">Lutter contres les stéréotypes de genre pour prévenir les violences dans les métiers de la petite enfance</a></blockquote><iframe sandbox="allow-scripts" security="restricted" src="https://loeilduloup.fr/en/formations/formation-petite-enfance-egalite/embed/#?secret=NQjMYfZrWZ" width="600" height="338" title="&#8220;Lutter contres les stéréotypes de genre pour prévenir les violences dans les métiers de la petite enfance&#8221; &#8212; " data-secret="NQjMYfZrWZ" frameborder="0" marginwidth="0" marginheight="0" scrolling="no" class="wp-embedded-content"></iframe><script type="text/javascript">
/* <![CDATA[ */
/*! This file is auto-generated */
!function(d,l){"use strict";l.querySelector&&d.addEventListener&&"undefined"!=typeof URL&&(d.wp=d.wp||{},d.wp.receiveEmbedMessage||(d.wp.receiveEmbedMessage=function(e){var t=e.data;if((t||t.secret||t.message||t.value)&&!/[^a-zA-Z0-9]/.test(t.secret)){for(var s,r,n,a=l.querySelectorAll('iframe[data-secret="'+t.secret+'"]'),o=l.querySelectorAll('blockquote[data-secret="'+t.secret+'"]'),c=new RegExp("^https?:$","i"),i=0;i<o.length;i++)o[i].style.display="none";for(i=0;i<a.length;i++)s=a[i],e.source===s.contentWindow&&(s.removeAttribute("style"),"height"===t.message?(1e3<(r=parseInt(t.value,10))?r=1e3:~~r<200&&(r=200),s.height=r):"link"===t.message&&(r=new URL(s.getAttribute("src")),n=new URL(t.value),c.test(n.protocol))&&n.host===r.host&&l.activeElement===s&&(d.top.location.href=t.value))}},d.addEventListener("message",d.wp.receiveEmbedMessage,!1),l.addEventListener("DOMContentLoaded",function(){for(var e,t,s=l.querySelectorAll("iframe.wp-embedded-content"),r=0;r<s.length;r++)(t=(e=s[r]).getAttribute("data-secret"))||(t=Math.random().toString(36).substring(2,12),e.src+="#?secret="+t,e.setAttribute("data-secret",t)),e.contentWindow.postMessage({message:"ready",secret:t},"*")},!1)))}(window,document);
//# sourceURL=https://loeilduloup.fr/wp-includes/js/wp-embed.min.js
/* ]]> */
</script>

L’égalité filles-garçons dans les modes d&rsquo;accueil de la petite enfance De nombreuses recherches ont démontré que filles et garçons reçoivent à travers des attitudes, paroles et interactions, des messages implicites différents qui influencent leurs comportements et leurs choix dès le plus jeunes âge. Le rapport de l’IGAS* sur «l’égalité entre les filles et les garçons&hellip; Continue reading
